 520*o + 35355. Calculate r(-68).
-5
Let u(d) = -d**3 - 6*d**2 - 2*d + 8. What is u(-3)?
-13
Let m(d) = -74*d - 191. Give m(-8).
401
Let t(u) = 527*u**2 + 5270*u - 11. Calculate t(-10).
-11
Let n(a) = -a**2 + 31*a - 160. Give n(22).
38
Let r(q) = -q**3 - 36*q**2 + 75*q - 47. Determine r(-38).
-9
Let o(j) = 16069*j + 32140. Determine o(-2).
2
Let c(n) = 2*n**2 + 129*n + 255. Determine c(-2).
5
Let j(k) = -6*k**2 - 38*k + 119. What is j(-9)?
-25
Let m(v) = -40*v**3 - 3*v**2 + 19*v - 14. Determine m(1).
-38
Let j(u) = -6*u + 466. What is j(80)?
-14
Let f(t) = -24*t**2 + 95*t - 4. Give f(4).
-8
Let v(w) = 68*w - 456. Determine v(14).
496
Let t(g) = g**3 + 41*g**2 - 44*g - 82. Give t(-42).
2
Let h(m) = -31*m**2 - 2570*m + 225. Calculate h(-83).
-24
Let b(f) = -f**3 - 16*f**2 - 24*f - 417. Determine b(-16).
-33
Let m(x) = -x**3 - 5*x**2 + x - 26. Give m(-6).
4
Let s(u) = -14*u**3 + 2*u**2 + u - 3. What is s(1)?
-14
Let k(h) = h**3 + 29*h**2 + 34*h + 163. Determine k(-28).
-5
Let b(x) = -125*x + 6926. What is b(55)?
51
Let t(g) = -59*g**2 + g - 4. Give t(1).
-62
Let t(h) = -28*h + 91. Calculate t(5).
-49
Let b(a) = 47*a**3 - 8*a**2 - a - 2. Determine b(-2).
-408
Let w(y) = 12*y**2 + 197*y - 989. Calculate w(4).
-9
Let d(f) = -4*f**3 - 33*f**2 - 7*f + 7. Determine d(-8).
-1
Let z(g) = 29*g + 413. Give z(-9).
152
Let v(l) = 87*l**2 + 7311*l + 245. Give v(-84).
-7
Let i(j) = 7*j**2 - 7*j + 9. Determine i(1).
9
Let i(z) = 66*z - 621. Calculate i(9).
-27
Let g(k) = -k**2 - 52*k + 1098. Calculate g(16).
10
Let r(h) = -h**2 + 33*h + 55. What is r(37)?
-93
Let a(n) = -n**3 + 10*n**2 - 15*n + 31. Give a(7).
73
Let z(h) = -17*h**2 - 18*h - 41. What is z(-6)?
-545
Let u(z) = -z**2 - z + 22. Calculate u(-3).
16
Let a(u) = -9*u + 169. Calculate a(16).
25
Let o(a) = 36*a - 598. Give o(19).
86
Let f(i) = -2*i**2 + 109*i + 219. What is f(0)?
219
Let i(n) = -2*n**3 + 29*n**2 - 34*n - 8. What is i(13)?
57
Let v(i) = -130*i + 90. Determine v(7).
-820
Let z(m) = 5*m**2 + 57*m + 59. What is z(-1)?
7
Let l(m) = m**2 + 130*m - 1070. Calculate l(10).
330
Let t(c) = -89*c + 12368. Determine t(139).
-3
Let q(u) = u + 44. Give q(-32).
12
Let f(c) = c**3 + 20*c**2 - 35*c - 300. Calculate f(-21).
-6
Let q(a) = -a**2 - 56*a - 756. Give q(-20).
-36
Let b(z) = -5*z**2 + 366*z + 656. Calculate b(75).
-19
Let y(c) = 2*c**2 + 78*c - 94. Calculate y(-40).
-14
Let v(z) = z**3 - 18*z**2 + 70*z + 20. Calculate v(12).
-4
Let m(p) = 78*p**3 + 12*p**2 + 35*p + 3. Give m(-2).
-643
Let a(d) = d**2 + 10*d - 23. Determine a(-15).
52
Let w(q) = q**3 - 31*q**2 + 43*q - 389. Calculate w(30).
1
Let p(w) = 2*w**2 - 17*w - 624. Give p(-14).
6
Let r(d) = d**2 + 19*d + 81. Determine r(-11).
-7
Let f(w) = -22*w - 9. What is f(19)?
-427
Let i(q) = -q**2 + 24*q - 145. What is i(13)?
-2
Let w(u) = -u**3 - 11*u**2 + 75*u + 242. What is w(-15)?
17
Let i(h) = 4*h**3 - 223*h**2 + 166*h - 53. What is i(55)?
2
Let r(m) = -3220*m + 22559. Calculate r(7).
19
Let v(s) = s**3 - 19*s**2 + 56*s - 91. Calculate v(16).
37
Let c(d) = -702*d + 14660. What is c(21)?
-82
Let a(l) = -l**3 - 273*l**2 - 3112*l + 5214. What is a(-261)?
-6
Let p(h) = -4*h**2 - 152*h + 491. What is p(-41)?
-1
Let z(t) = 152*t + 5471. Determine z(-36).
-1
Let r(g) = -96*g - 2785. Determine r(-29).
-1
Let r(i) = 59*i - 1022. Determine r(18).
40
Let o(x) = -2*x**2 + 25*x - 84. Determine o(7).
-7
Let c(y) = 91*y**3 + 3*y**2 + 4*y + 3. Calculate c(-1).
-89
Let v(a) = a**3 + 10*a**2 + 13*a + 30. What is v(-9)?
-6
Let i(w) = 15*w + 394. What is i(-34)?
-116
Let f(p) = -15*p + 1207. Determine f(81).
-8
Let a(s) = 102*s + 27. Determine a(-1).
-75
Let t(i) = -i**3 - i**2 + 42*i - 330. What is t(-9)?
-60
Let x(y) = -y**2 + 1018*y + 5111. Calculate x(-5).
-4
Let f(q) = 7*q + 107. What is f(-50)?
-243
Let x(o) = -o**2 + 22*o + 27. Determine x(23).
4
Let a(q) = -663*q - 20554. Calculate a(-31).
-1
Let u(p) = -p**2 - 75*p - 1188. Give u(-55).
-88
Let c(n) = -123*n - 499. Determine c(-4).
-7
Let b(x) = x**2 - 15*x + 53. Determine b(15).
53
Let d(r) = -2*r**2 + 55*r + 16. Give d(26).
94
Let a(q) = 2*q**2 - 840*q - 1685. Give a(-2).
3
Let h(k) = -k**3 - 19*k**2 + 17*k - 7. Calculate h(-22).
1071
Let h(l) = -76*l - 1029. Calculate h(-13).
-41
Let k(i) = -9*i**2 + 111*i + 2. What is k(12)?
38
Let x(z) = -z**3 + 27*z**2 - 23*z - 75. What is x(26)?
3
Let p(j) = 7*j**2 + 251*j - 40. What is p(-36)?
-4
Let u(k) = k**2 - 43*k + 99. Determine u(27).
-333
Let o(s) = -10*s**3 - 380*s**2 + 7*s + 273. What is o(-38)?
7
Let n(u) = -2*u**3 + 24*u**2 - 21*u - 3. What is n(11)?
8
Let g(h) = 10*h**2 + 19*h - 141. Calculate g(4).
95
Let s(a) = 143*a**3 - a**2 - 16*a + 17. What is s(1)?
143
Let f(a) = 3*a**2 + 22*a - 18. Determine f(-8).
-2
Let k(l) = -l - 4. Determine k(-29).
25
Let t(y) = -46*y + 1886. Give t(42).
-46
Let l(k) = 26*k**2 - 88*k - 66. Calculate l(4).
-2
Let c(v) = -3*v**3 + 9*v**2 + 3*v - 26. What is c(4)?
-62
Let z(n) = 3*n - 62. Calculate z(-34).
-164
Let k(m) = -43*m - 640. Determine k(-17).
91
Let o(a) = 757*a - 2439. Determine o(3).
-168
Let j(o) = o**3 + 11*o**2 - 23*o - 14. Determine j(-14).
-280
Let l(j) = -5755*j + 11503. What is l(2)?
-7
Let q(b) = 5*b + 319. Calculate q(-63).
4
Let k(z) = z**2 + 43*z - 1174. Give k(19).
4
Let k(p) = -138*p + 7173. Give k(52).
-3
Let t(u) = -12*u**2 + 109*u - 25. Give t(9).
-16
Let w(f) = -f**2 - 1369*f - 245275. Calculate w(-212).
9
Let s(l) = l + 53. What is s(-3)?
50
Let s(n) = n**3 - 89*n**2 + 1870*n - 1. Give s(34).
-1
Let l(j) = -j**3 - 103*j**2 - 641*j + 2979. Calculate l(-96).
3
Let i(q) = 3*q**3 + 75*q**2 - 74*q + 34. Determine i(-26).
-70
Let i(n) = 47*n**3 - 8*n**2 + 8*n + 26. Calculate i(2).
386
Let s(r) = -r**2 + 176*r - 1809. Determine s(11).
6
Let z(y) = 75*y - 343. Calculate z(5).
32
Let m(k) = -18*k. What is m(-4)?
72
Let h(i) = -3*i**3 - 59*i**2 - 44*i - 142. Give h(-19).
-28
Let v(q) = -781*q - 3914. Calculate v(-5).
-9
Let r(p) = 2*p - 24. Calculate r(11).
-2
Let w(z) = 3*z**2 - 3*z - 8. Give w(0).
-8
Let t(u) = 4*u**2 - 118*u + 944. Determine t(10).
164
Let b(u) = -u**2 + 80*u + 5799. Calculate b(-46).
3
Let i(f) = -f**3 + 24*f**2 + 114*f + 130. Give i(28).
186
Let c(n) = -12*n**2 + 380*n - 2953. What is c(18)?
-1
Let q(b) = 7*b**2 - 128*b + 26. What is q(18)?
-10
Let a(l) = 247*l + 32120. Determine a(-130).
10
Let s(j) = -j**3 - 8*j**2 + 45*j + 266. What is s(-10)?
16
Let b(v) = -v**3 + 9*v**2 - 8*v - 18. Determine b(8).
-18
Let u(j) = -4*j**2 + 26*j + 475. Determine u(16).
-133
Let h(u) = -102*u + 405. Calculate h(4).
-3
Let d(i) = 4*i**3 + 13*i**2 - 13*i - 45. Determine d(-4).
-41
Let p(y) = -64*y + 685. Determine p(11).
-19
Let o(x) = -81*x + 1384. Calculate o(17).
7
Let m(h) = -2381*h + 7117. Determine m(3).
-26
Let k(d) = d**3 - 4*d**2 - 20*d + 41. Calculate k(2).
-7
Let o(x) = 4*x - 187. Calculate o(6).
-163
Let q(h) = -36*h + 761. What is q(23)?
-67
Let o(w) = w**3 + 85*w**2 - 72*w + 1196. Give o(-86).
-8
Let d(z) = -z - 125. Calculate d(20).
-145
Let y(c) = -c**3 - 28*c**2 + 137*c + 288. What is y(-32)?
0
Let b(m) = 2594*m - 7776. Calculate b(3).
6
Let n(w) = w**2 - 197*w + 2576. Calculate n(183).
14
Let x(f) = -5*f**2 + 9*f + 109. Calculate x(-12).
-719
Let k(r) = r**3 + 2*r**2 + 9*r - 48. What is k(4)?
84
Let w(h) = -h**2 - 317*h - 2762. Give w(-9).
10
Let h(q) = -3*q**2 + 80*q - 53. Give h(25).
72
Let i(s) = -915*s + 5478. Determine i(6).
-12
Let k(i) = i**3 - 19*i**2 + 48*i - 72. Calculate k(16).
-72
Let d(l) = 17*l**2 - 9*l - 12. Determine d(-1).
14
Let s(c) = c**2 - 246*c + 1199. Determine s(5).
-6
Let g(f) = -13*f**2 - 72*f + 72. What is g(1)?
-13
Let u(o) = o**3 - 11*o**2 + 4*o + 129. What is u(9)?
3
Let p(t) = -t**3 + 449*t**2 + 17459*t - 31. Calculate p(-36).
5
Let v(g) = -g**2 + 30*g - 55. Give v(13).
166
Let y(d) = 88*d**3 - 3*d**2 - 125*d - 122. Determine y(-1).
-88
Let l(y) = y**3 + 24*y**2 + 65*y + 935. Give l(-23).
-31
Let u(i) = -60*i - 154. Give u(-5).
146
Let t(p) = -2*p**2 + 147*p + 138. Give t(74).
64
Let l(x) = x + 24. What is l(-46)?
-22
Let t(l) = -12*l**2 + 55*l - 59. Determine t(3).
-2
Let v(a) = -a**3 - 9*a**2 + 16. Determine v(-4).
-64
Let h(b) = 266*b + 666. Give h(-2).
134
Let y(b) = -2*b**2 + 75*b + 75. Calculate y(35).
250
Let f(q) = -q**3 - 18*q**2 + 7*q + 